
173
Let w(c) = 8*c**2 + 120*c - 46. What is the remainder when 3197 is divided by w(-16)?
81
Suppose -4*f - 86 - 18 = -4*v, -2*v = -3*f - 56. Calculate the remainder when 3361 is divided by v.
17
Suppose 8*n - 306 = 2*n. Let j be (1 - 2 - -7)/(6/4). Suppose z - 43 = -j*z - 2*d, -4*z - 3*d = -33. Calculate the remainder when n is divided by z.
6
Let a = -3171 + 3210. Calculate the remainder when 263 is divided by a.
29
Calculate the remainder when 577 is divided by (-262)/(-524) - (-110)/12 - (-1)/3.
7
Suppose -26*l - 13295 = -4*d - 27*l, -5*l = -d + 3329. Calculate the remainder when d is divided by 133.
132
Suppose 123*t - 250 = 113*t. Suppose -47 = 24*x - t*x. Suppose n - 2*n = -25. What is the remainder when x is divided by n?
22
Let p(y) = -14*y - 2*y**2 + 22 + y**2 - 46. Calculate the remainder when p(-8) is divided by 14.
10
Suppose -20*r + 2*y - 4 = -18*r, 20 = 4*y. Suppose -72 = -r*p + 3*a, -4*p + 22*a - 17*a + 98 = 0. Calculate the remainder when p is divided by 15.
7
Let z(h) = -h**3 + 49*h**2 - 38*h - 249. What is the remainder when 251 is divided by z(48)?
20
Let v = -116 - -188. Suppose -73*n = 99*n + 129*n - 10234. What is the remainder when v is divided by n?
4
Suppose 5*m - b = 30, -2*m = -4*m - b + 19. What is the remainder when (-2)/17 + 121/17 is divided by m?
0
Suppose -5*b = 3*c - 6*b - 212, 2*b - 2 = 0. What is the remainder when 565 is divided by c?
68
Let c = 12647 + -12056. What is the remainder when c is divided by 46?
39
Suppose i + 16*g + 320 - 144 = 0, 62 = i - g. Suppose o - 4*o + 135 = 0. What is the remainder when i is divided by o?
3
Suppose -7*b = -3*b - 196. Suppose -3*l + 240 = -y, 5*y = -l + y + 93. Let p = l - 68. Calculate the remainder when b is divided by p.
10
Let k(r) = r**3 + r**2 + 138. Let a = 58 + -54. Suppose -a*o + 138 = 3*b, 35*o = 32*o + 5*b + 118. Calculate the remainder when k(0) is divided by o.
30
Let i(k) = 2*k + 7. Let p be i(0). Let h(u) = u**3 - 5*u**2 - 5*u - 9. Let m be h(p). Let s = m + -1. What is the remainder when s is divided by 7?
4
Suppose -4462*w + 4452*w = -70. Suppose -6*v + 233 - 35 = 0. What is the remainder when v is divided by w?
5
Let z = 3 - -24. Let d = -461 + 462. Suppose -16*b + 11*b = -3*i - 4, -3*i + d = -4*b. What is the remainder when z is divided by i?
6
Calculate the remainder when 3651 is divided by -1 + 9156/20 - 172/215.
3
Let d = -15419 - -16544. What is the remainder when d is divided by 95?
80
Suppose 43 = 5*y - x, -8 = -90*x + 91*x. What is the remainder when (2 + 8/(-5))*155 is divided by y?
6
Let o = 44 + -20. Calculate the remainder when 88 + (-11)/((-33)/(-9)) is divided by o.
13
Let u(w) = w - 1. Let s be u(4). Suppose 3*v + 490 = -4*o - 305, -2*o - 429 = -3*v. Calculate the remainder when 20 is divided by s/(o/(-64) + -3).
4
Suppose 13*p - p - 3276 = 0. Calculate the remainder when p is divided by 94.
85
Let j = -429 + 484. Suppose -31*g + j = -20*g. What is the remainder when 11 is divided by g?
1
Let g(z) = -10*z**3 + 12*z**2 - 3*z + 4. What is the remainder when g(-5) is divided by 19?
11
Calculate the remainder when -36*((-35)/4 + 7) is divided by 57/2 + 12/(-24).
7
Let y(d) be the first derivative of -6*d - 28 - 7/2*d**2. Calculate the remainder when 177 is divided by y(-6).
33
Let b(a) = -3*a + 84. Let h be b(3). Calculate the remainder when 283 is divided by h/4 - 2/(-8).
17
Let b(k) = -k**2 - k + 8. Let c be b(-13). Let r = -121 - c. Calculate the remainder when 132 is divided by r.
24
Suppose -8 = 5*k - 9*k. Suppose 0 = -3*a - 4*c + 53, -k*a + 3*c + 39 = -2. What is the remainder when a is divided by 7?
5
Let c(z) = -z**3 + z**2 + z + 93. Suppose -5*o = r - 23, 28*o - 4*r = 25*o + 46. Calculate the remainder when c(0) is divided by o.
3
Suppose 3*x - 1444 - 620 = -2*m, 5*x - 5*m - 3415 = 0. What is the remainder when x is divided by 43?
41
Let u(z) = 6*z + 14. Suppose 3*i - 419 = -2*i - 2*g, -4*i + 331 = 3*g. Calculate the remainder when i is divided by u(5).
41
Let t(q) be the second derivative of 47*q**3/6 + 85*q**2/2 - 89*q. Calculate the remainder when t(9) is divided by 73.
70
Suppose 1083 = 3*j + 2*a, -32*a + 722 = 2*j - 29*a. What is the remainder when j is divided by 26?
23
Suppose 0 = p - 5*n + 11, 0*p = -5*p + 2*n + 14. Suppose -w + 3*w - 30 = -4*o, 0 = -p*w + 20. Calculate the remainder when 14 is divided by o.
4
Let k(f) = -45*f - 1. Let l be k(-1). Let r = l - 9. Let n = r - -1. What is the remainder when 143 is divided by n?
35
Let l = 11189 + -11165. What is the remainder when 3333 is divided by l?
21
Let s(c) = -2*c + 3. Let d be s(1). Let k = -243 - -424. Calculate the remainder when (d + 3 - 2) + k is divided by 37.
35
Let z = 5735 + -5188. What is the remainder when z is divided by 137?
136
Let x(s) = 29*s**2 - 14*s - 6. Suppose -b - 590 = -5*b - 3*z, 294 = 2*b + z. What is the remainder when b is divided by x(-1)?
35
Calculate the remainder when ((-7)/14)/(11/(-8206)) is divided by 186.
1
Let f(b) = -b**3 - 4*b**2 + 7*b + 8. Suppose 360*t - 69879 = 11481. Calculate the remainder when t is divided by f(-6).
36
Let v = -8 - -26. Suppose -v = k + 11. Let q = 98 + k. What is the remainder when q is divided by 24?
21
Let y = 3470 - 3458. What is the remainder when 47 is divided by y?
11
Suppose 601*m = 591*m + 1060. What is the remainder when m is divided by 11?
7
Suppose -25*g = -40 - 35. Suppose -g*t - 4*l + 68 = 0, 11*t - 9*t + l - 42 = 0. Calculate the remainder when 92 is divided by t.
12
Let y = 26277 - 18010. What is the remainder when y is divided by 53?
52
Let n(t) = -4*t**3 + t**2 - 148*t - 866. What is the remainder when n(-6) is divided by 58?
52
Let t be (5 - 1)/(-2)*-20. Suppose 0 = p - 0*p - t. Suppose 0 = 70*i - 6691 + 1511. Calculate the remainder when i is divided by p.
34
Suppose -139*y = -95482 - 202823 - 266869. Calculate the remainder when y is divided by 203.
6
Let l = 13 - 13. Suppose -4*v + v + 210 = l. Calculate the remainder when v is divided by (-56)/(-2) + -42 + 32.
16
Let k(s) = -935*s - 487. Calculate the remainder when k(-2) is divided by 99.
96
Let t = 237 - 229. Suppose -2*n - 25*n + 3132 = 0. Calculate the remainder when n is divided by t.
4
Let s = -495 - -851. Suppose -4*n - a + s = 0, -2*n - 4*a = -4*n + 178. What is the remainder when n is divided by 11?
1
Suppose 57 - 27 = 6*s. What is the remainder when 103 is divided by 76/s*(-4 + 26/4)?
27
Let t(u) = u**3 + 22*u**2 - 106*u - 34. What is the remainder when 174 is divided by t(-26)?
12
Let p(m) = 6*m**2 + 66*m - 7. What is the remainder when p(-12) is divided by 3?
2
Suppose -d + 52 = -2*l - 3*l, 2*l = 5*d - 168. Let v be ((-309)/(-12))/(5/20). Let n = 228 - v. Calculate the remainder when n is divided by d.
29
Let w be (-72)/15*332/3*-5. What is the remainder when w/14 - 3*6/(-63) is divided by 64?
62
Let d = 180 - 101. What is the remainder when d is divided by 16?
15
Let f be (-30)/(-10) - 5*-17. Let o = 164 - f. What is the remainder when o is divided by 30?
16
Let g = 57 - 54. Let y(l) = -l**3 + 9*l**2 - 1 - 2*l**2 - 3*l + 3. What is the remainder when y(g) is divided by 8?
5
Let t = -360 - -322. Let c = -2 - t. Calculate the remainder when 249 is divided by c.
33
Let f(a) = -a + 11. Let j be f(8). Suppose -11*u = 2*u - 442. What is the remainder when u is divided by (1/(-1))/(j/(-21))?
6
Let k be (1 + -2)/(5/(-20)). Suppose k*v + 142 = 3*s, -4*v = 5*s - 2*s - 182. Calculate the remainder when s is divided by 8.
6
Calculate the remainder when 140 is divided by 37 - (3 + -6)*(32/(-6))/4.
8
Let m(a) = -61*a + 365. What is the remainder when m(0) is divided by 73?
0
Let m = 292 + -279. Let z(q) = -q**2 + 23*q - 31. Let s be z(22). Calculate the remainder when (-2)/s - (-2040)/54 is divided by m.
12
Suppose -4*p - 5 + 17 = 0. Let d(l) = -l**2 + 71*l - 131. Let i be d(69). Calculate the remainder when 142 is divided by i/(7/3) + 2*p.
7
Let j(y) = -3*y + 11. Suppose 9*p - 3*p - 12 = 0. Suppose 0*a - a - 5 = 5*n, 0 = -2*n - p*a - 10. What is the remainder when 42 is divided by j(n)?
9
Suppose -3*l = -u - 36, 66*u - 17 = -2*l + 69*u. Calculate the remainder when ((-33)/4)/(141/(-2632)) is divided by l.
11
Let g(n) = 45*n. Let a be g(3). Let x be 84/(-252)*(-4)/((-4)/(-15)). Suppose x*p + 15 = a. Calculate the remainder when p is 